y 14.
4
What is the remainder when 498 is divided by 53?
21
Calculate the remainder when 327 is divided by 15.
12
What is the remainder when 231 is divided by 29?
28
What is the remainder when 9060 is divided by 17?
16
Calculate the remainder when 323 is divided by 13.
11
What is the remainder when 250 is divided by 75?
25
Calculate the remainder when 124 is divided by 61.
2
What is the remainder when 24653 is divided by 42?
41
What is the remainder when 400 is divided by 25?
0
Calculate the remainder when 601 is divided by 84.
13
What is the remainder when 398 is divided by 37?
28
Calculate the remainder when 14004 is divided by 17.
13
Calculate the remainder when 2170 is divided by 6.
4
Calculate the remainder when 2375 is divided by 200.
175
Calculate the remainder when 4711 is divided by 31.
30
What is the remainder when 67 is divided by 17?
16
What is the remainder when 28 is divided by 11?
6
What is the remainder when 179 is divided by 26?
23
What is the remainder when 1427 is divided by 145?
122
Calculate the remainder when 1147 is divided by 385.
377
What is the remainder when 450 is divided by 150?
0
What is the remainder when 168 is divided by 42?
0
What is the remainder when 111 is divided by 20?
11
Calculate the remainder when 205 is divided by 9.
7
Calculate the remainder when 1371 is divided by 13.
6
Calculate the remainder when 3267 is divided by 149.
138
What is the remainder when 44 is divided by 18?
8
Calculate the remainder when 457 is divided by 66.
61
Calculate the remainder when 72 is divided by 42.
30
Calculate the remainder when 665 is divided by 61.
55
Calculate the remainder when 1358 is divided by 152.
142
Calculate the remainder when 37921 is divided by 25.
21
Calculate the remainder when 24294 is divided by 89.
86
Calculate the remainder when 221 is divided by 106.
9
What is the remainder when 2956 is divided by 74?
70
What is the remainder when 1646 is divided by 55?
51
Calculate the remainder when 7919 is divided by 99.
98
What is the remainder when 1272 is divided by 74?
14
What is the remainder when 13879 is divided by 578?
7
What is the remainder when 50 is divided by 26?
24
Calculate the remainder when 697 is divided by 10.
7
Calculate the remainder when 7573 is divided by 15.
13
What is the remainder when 68 is divided by 9?
5
Calculate the remainder when 12 is divided by 8.
4
What is the remainder when 2255 is divided by 66?
11
What is the remainder when 966 is divided by 11?
9
Calculate the remainder when 2833 is divided by 25.
8
Calculate the remainder when 5686 is divided by 39.
31
What is the remainder when 112 is divided by 4?
0
What is the remainder when 955 is divided by 4?
3
Calculate the remainder when 4522 is divided by 1507.
1
What is the remainder when 650 is divided by 212?
14
Calculate the remainder when 1077 is divided by 18.
15
What is the remainder when 3035 is divided by 66?
65
What is the remainder when 185 is divided by 27?
23
Calculate the remainder when 258 is divided by 173.
85
Calculate the remainder when 455 is divided by 171.
113
Calculate the remainder when 279 is divided by 37.
20
What is the remainder when 678 is divided by 256?
166
Calculate the remainder when 2637 is divided by 3.
0
Calculate the remainder when 1504 is divided by 42.
34
What is the remainder when 47 is divided by 27?
20
What is the remainder when 101 is divided by 22?
13
Calculate the remainder when 437 is divided by 98.
45
Calculate the remainder when 49 is divided by 29.
20
What is the remainder when 482 is divided by 19?
7
Calculate the remainder when 287 is divided by 160.
127
Calculate the remainder when 287 is divided by 96.
95
Calculate the remainder when 169 is divided by 47.
28
What is the remainder when 1509 is divided by 395?
324
What is the remainder when 2568 is divided by 1281?
6
Calculate the remainder when 261 is divided by 30.
21
What is the remainder when 539 is divided by 15?
14
What is the remainder when 289 is divided by 42?
37
What is the remainder when 230 is divided by 47?
42
What is the remainder when 70 is divided by 19?
13
Calculate the remainder when 454 is divided by 6.
4
What is the remainder when 41 is divided by 8?
1
What is the remainder when 2260 is divided by 750?
10
What is the remainder when 2806 is divided by 1403?
0
What is the remainder when 342 is divided by 332?
10
What is the remainder when 18460 is divided by 37?
34
What is the remainder when 567 is divided by 57?
54
What is the remainder when 848 is divided by 144?
128
What is the remainder when 75 is divided by 54?
21
Calculate the remainder when 141 is divided by 8.
5
What is the remainder when 16 is divided by 11?
5
Calculate the remainder when 164 is divided by 32.
4
Calculate the remainder when 330 is divided by 90.
60
Calculate the remainder when 7803 is divided by 156.
3
Calculate the remainder when 1063 is divided by 528.
7
What is the remainder when 263 is divided by 33?
32
Calculate the remainder when 148 is divided by 20.
8
Calculate the remainder when 849 is divided by 42.
9
What is the remainder when 232 is divided by 110?
12
Calculate the remainder when 526 is divided by 31.
30
What is the remainder when 2349 is divided by 48?
45
Calculate the remainder when 200 is divided by 39.
5
What is the remainder when 2392 is divided by 477?
7
Calculate the remainder when 880 is divided by 42.
40
Calculate the remainder when 2918 is divided by 968.
14
What is the remainder when 195 is divided by 56?
27
What is the remainder when 13 is divided by 4?
1
Calculate the remainder when 102 is divided by 47.
8
What is the remainder when 226 is divided by 52?
18
What is the remainder when 43 is divided by 30?
13
What is the remainder when 50 is divided by 14?
8
What is the remainder when 39 is divided by 15?
9
Calculate the remainder when 167 is divided by 10.
7
Calculate the remainder when 442 is divided by 90.
82
What is the remainder when 99 is divided by 27?
18
What is the remainder when 35 is divided by 25?
10
What is the remainder when 19659 is divided by 53?
49
What is the remainder when 352 is divided by 123?
106
What is the remainder when 105 is divided by 62?
43
Calculate the remainder when 923 is divided by 306.
5
Calculate the remainder when 148 is divided by 72.
4
What is the remainder when 15 is divided by 4?
3
What is the remainder when 237 is divided by 52?
29
What is the remainder when 1106 is divided by 270?
26
What is the remainder when 1662 is divided by 85?
47
Calculate the remainder when 660 is divided by 73.
3
What is the remainder when 62 is divided by 19?
5
What is the remainder when 383 is divided by 64?
63
Calculate the remainder when 76 is divided by 31.
14
Calculate the remainder when 2582 is divided by 108.
98
What is the remainder when 198 is divided by 17?
11
Calculate the remainder when 13989 is divided by 159.
156
Calculate the remainder when 353 is divided by 3.
2
What is the remainder when 422 is divided by 147?
128
Calculate the remainder when 1159 is divided by 43.
41
Calculate the remainder when 3432 is divided by 41.
29
What is the remainder when 87 is divided by 28?
3
Calculate the remainder when 275 is divided by 267.
8
Calculate the remainder when 408 is divided by 38.
28
What is the remainder when 108 is divided by 86?
22
Calculate the remainder when 142 is divided by 46.
4
What is the remainder when 389 is divided by 85?
49
What is the remainder when 243 is divided by 25?
18
Calculate the remainder when 1364 is divided by 8.
4
What is the remainder when 1582 is divided by 11?
9
What is the remainder when 1084 is divided by 359?
7
Calculate the remainder when 216 is divided by 19.
7
What is the remainder when 1796 is divided by 152?
124
What is the remainder when 683 is divided by 634?
49
What is the remainder when 2587 is divided by 130?
117
Calculate the remainder when 19822 is divided by 61.
58
Calculate the remainder when 1313 is divided by 33.
26
Calculate the remainder when 218 is divided by 11.
9
Calculate the remainder when 1878 is divided by 235.
233
Calculate the remainder when 27 is divided by 13.
1
Calculate the remainder when 210 is divided by 71.
68
What is the remainder when 283 is divided by 77?
52
What is the remainder when 2289 is divided by 567?
21
Calcu